False
Is 251448325 a multiple of 267?
False
Is 799 a factor of 133431402?
True
Does 2020 divide 451429600?
True
Is 2091 a factor of 11962611?
True
Is 88287126 a multiple of 20?
False
Is 252359667 a multiple of 63?
True
Is 2577068 a multiple of 528?
False
Does 62 divide 1710996?
False
Is 3643200 a multiple of 792?
True
Is 262 a factor of 30698500?
False
Is 52 a factor of 1629830251?
False
Is 59 a factor of 13834053?
False
Is 4 a factor of 66512124?
True
Is 201 a factor of 57918890?
False
Does 38 divide 16292994?
True
Does 41 divide 43542697?
True
Is 79602203 a multiple of 5?
False
Does 10 divide 6789517?
False
Does 328 divide 178683904?
True
Does 105 divide 3409875?
True
Does 59 divide 148865634?
False
Is 119047320 a multiple of 696?
True
Does 103 divide 11927420?
False
Does 243 divide 62071180?
False
Does 47 divide 20983227?
False
Does 104 divide 54946730?
False
Is 3241350 a multiple of 98?
True
Does 24 divide 44603260?
False
Is 193 a factor of 501161133?
False
Is 52 a factor of 42553992?
True
Is 967407827 a multiple of 8327?
False
Does 46 divide 22880032?
True
Is 39366117 a multiple of 850?
False
Is 8 a factor of 198177209?
False
Is 192 a factor of 91759104?
True
Is 197 a factor of 9277091?
False
Does 2163 divide 233919798?
True
Is 10 a factor of 5722870?
True
Is 6268 a factor of 7428269480?
True
Does 45 divide 209393820?
True
Is 2 a factor of 211525701?
False
Is 503 a factor of 16187111?
False
Does 134 divide 118136293?
False
Is 4416144 a multiple of 28?
False
Does 2506 divide 2378194?
True
Is 392 a factor of 42122752?
True
Is 204 a factor of 1379475336?
True
Is 29530758 a multiple of 69?
True
Does 10 divide 245740053?
False
Is 23774640 a multiple of 230?
True
Is 1293 a factor of 36595779?
True
Is 670136080 a multiple of 24?
False
Is 841781038 a multiple of 6029?
True
Is 467 a factor of 2341703925?
False
Is 17875965 a multiple of 27?
False
Is 412 a factor of 4670432?
True
Does 269 divide 313050095?
True
Does 223 divide 116702881?
False
Is 54 a factor of 90142464?
False
Is 20 a factor of 129388110?
False
Is 58045761 a multiple of 27?
True
Does 119 divide 35255484?
False
Does 525 divide 34608000?
True
Is 353 a factor of 41466204?
True
Does 4 divide 789980653?
False
Is 2534371197 a multiple of 22?
False
Is 18 a factor of 76847346?
True
Does 9 divide 4509359?
False
Is 317861975 a multiple of 25?
True
Is 1385429760 a multiple of 754?
True
Does 991 divide 2449849125?
False
Is 80 a factor of 87281040?
True
Is 131555573 a multiple of 252?
False
Does 20 divide 124494478?
False
Is 843 a factor of 92524387?
False
Is 1062855 a multiple of 3?
True
Is 6128683 a multiple of 530?
False
Is 2017603862 a multiple of 1133?
False
Does 19 divide 109066384?
True
Is 57 a factor of 160724154?
True
Does 3 divide 284786633?
False
Is 7 a factor of 28321335?
True
Is 1230027905 a multiple of 4507?
True
Is 6780951 a multiple of 18?
False
Does 4752 divide 256783353?
False
Does 118 divide 298272140?
True
Is 4311280008 a multiple of 2532?
False
Is 26001070 a multiple of 652?
False
Is 16 a factor of 32041222?
False
Does 17 divide 1142522481?
False
Is 130 a factor of 24314255?
False
Is 59 a factor of 3469485?
False
Is 667103071 a multiple of 113?
True
Is 24 a factor of 137639989?
False
Does 6241 divide 698586420?
False
Is 240 a factor of 486584880?
True
Is 32455005 a multiple of 2469?
True
Is 108310824 a multiple of 72?
True
Does 1229 divide 576401?
True
Is 110236580 a multiple of 10?
True
Is 144737001 a multiple of 9?
True
Is 419906893 a multiple of 37?
False
Is 57333951 a multiple of 19?
False
Is 3562253746 a multiple of 352?
False
Is 12 a factor of 28376847?
False
Does 6570 divide 2040733919?
False
Is 10715 a factor of 2737178895?
True
Is 99812209 even?
False
Is 13597659 a multiple of 3?
True
Does 45 divide 6604245?
True
Is 4460 a factor of 77733340?
True
Does 370 divide 932067370?
True
Is 2997 a factor of 119327401?
False
Does 77 divide 61624024?
True
Is 60696051 a multiple of 811?
True
Is 394 a factor of 11771144?
True
Is 18477963 a multiple of 21?
True
Does 147 divide 31351857?
False
Is 109 a factor of 2349822?
True
Does 1308 divide 114066756?
True
Is 220 a factor of 666849507?
False
Is 11440365 a multiple of 3?
True
Is 1279510 a multiple of 394?
False
Is 37090 a multiple of 56?
False
Is 254955456 a multiple of 8?
True
Is 8189 a factor of 604651193?
True
Does 4 divide 15964741?
False
Is 358710992 a multiple of 445?
False
Is 58 a factor of 78176402?
True
Is 6 a factor of 126655416?
True
Is 325763831 a multiple of 109?
True
Is 5159231 a multiple of 5?
False
Is 283 a factor of 4206710507?
False
Does 1241 divide 334016391?
True
Is 332256974 a multiple of 14?
True
Does 28 divide 2398978960?
True
Does 483 divide 153106246?
False
Is 181213380 a multiple of 2388?
True
Is 69 a factor of 203882028?
True
Is 988605090 a multiple of 414?
True
Does 236 divide 235368059?
False
Is 187501555 a multiple of 641?
False
Does 38 divide 55394728?
True
Is 2029 a factor of 2421610212?
False
Does 1670 divide 76556140?
True
Does 545 divide 42562320?
True
Does 216 divide 6514128?
True
Does 19 divide 61966125?
True
Is 711917063 a multiple of 447?
False
Is 24 a factor of 2874072?
True
Is 12 a factor of 1576356948?
True
Does 239 divide 292975999?
True
Is 482809812 a multiple of 596?
False
Is 5 a factor of 11334503?
False
Does 171 divide 1014939347?
False
Does 11 divide 362254518?
False
Does 16 divide 1821022960?
True
Is 369 a factor of 451113863?
False
Is 157 a factor of 477520706?
False
Does 611 divide 1337606699?
True
Does 40 divide 400272720?
True
Does 44 divide 726618332?
True
Does 15 divide 112605745?
False
Is 375 a factor of 2911643625?
True
Does 9 divide 83816595?
True
Is 11759550 a multiple of 110?
True
Is 60253059 a multiple of 272?
False
Is 14272479 a multiple of 13?
True
Is 7 a factor of 13630141?
True
Is 92 a factor of 733324640?
True
Is 80944147 a multiple of 45?
False
Is 25810675 a multiple of 55?
True
Does 1933 divide 655689064?
True
Is 1770 a factor of 8823383?
False
Is 131 a factor of 852691969?
True
Is 93 a factor of 40913025?
True
Is 146 a factor of 97982498?
True
Does 516 divide 19742160?
True
Is 1074260630 a multiple of 1093?
False
Is 6283 a factor of 405542518?
True
Is 4279 a factor of 186414635?
True
Does 11 divide 50193926?
False
Is 24281780 a multiple of 68?
True
Is 166 a factor of 41954850?
False
Is 1106357793 a multiple of 2537?
True
Is 299729 a multiple of 4?
False
Is 648402452 a multiple of 1379?
False
Is 206491551 a multiple of 159?
True
Is 31212012 a multiple of 19?
False
Is 197714466 a multiple of 83?
True
Is 407127840 a multiple of 42?
True
Does 64 divide 886751744?
True
Is 17395320 a multiple of 359?
False
Is 5696 a factor of 244033728?
True
Does 34 divide 1308073738?
True
Does 2724 divide 7062901608?
True
Is 644402267 a multiple of 1804?
False
Is 363480414 a multiple of 396?
False
Does 7364 divide 436804144?
False
Is 206502946 a multiple of 277?
True
Is 33723244 a multiple of 2289?
False
Does 838 divide 99434566?
True
Is 45674672 a multiple of 16?
True
Is 30 a factor of 7821930?
True
Is 539769216 a multiple of 117?
False
Is 1407678876 a multiple of 177?
True
Is 2729 a factor of 1368320600?
True
Does 370 divide 93167829?
False
Is 5659 a factor of 825001693?
False
Does 2413 divide 67682237?
True
Is 5 a factor of 30737819?
False
Is 135905898 a multiple of 123?
True
Is 89229060 a multiple of 80?
False
Does 1192 divide 10962292?
False
Is 16365250 a multiple of 110?
True
Is 962500256 a multiple of 164?
True
Is 165 a factor of 103599811?
False
Is 268612566 a multiple of 933?
True
Does 4 divide 5739243?
False
Is 222 a factor of 472139223?
False
Does 8 divide 2646533665?
False
Does 13 divide 97525844?
True
Is 13 a factor of 289266935?
False
Is 100581960 a multiple of 2073?
True
Is 1301 a factor of 8353721?
True
Is 45 a factor of 591246008?
False
Does 30 divide 112318680?
True
Is 178870839 a multiple of 4234?
False
Does 277 divide 23295621?
False
Does 226 divide 110003424?
False
Is 5701412 a multiple of 3?
False
Is 895785 a multiple of 90?
False
Does 10 divide 9288458?
False
Is 232 a factor of 66677960?
True
Does 16 divide 349010009?
False
Is 465 a factor of 171677104?
False
Is 5745 a factor of 926906297?
False
Is 20344431 a multiple of 745?
False
Is 2357 a factor of 4800